 w be n(34). What is the tens digit of (-34)/(-255) - 5066/w?
6
Let q = -571 + -242. Let o = 1371 + q. What is the tens digit of o?
5
Suppose 0 = -8*y + 2*y + 846. Suppose 2*p = -y + 779. Suppose 0*w + 3*w - d - p = 0, 5*d = -3*w + 313. What is the hundreds digit of w?
1
Let z be (6/4)/((-36)/(-2424)). Suppose -100*a - 277 = -z*a. What is the hundreds digit of a?
2
Let q = 3033 - 1097. What is the hundreds digit of q?
9
Let p(k) be the second derivative of 47*k**4/12 - 7*k**3/3 + 5*k**2/2 + 118*k. What is the tens digit of p(3)?
8
Suppose m + 5 = 0, k + 37 = -5*m + 16. Suppose -7*y - 2*g + 380 = -k*y, 5*g + 121 = y. What is the tens digit of y?
2
Suppose -2736 = -4*d - 2*g, -5*d = 4*g - 2442 - 981. Let k = d + 238. What is the hundreds digit of k?
9
Let u(z) = 3*z**2 + 6*z + 2. Suppose -2*k = -j - 49, -24 + 68 = -j + 3*k. Let r = j - -56. What is the tens digit of u(r)?
1
What is the ten thousands digit of 1/((-120)/912)*-3695?
2
Suppose -3*a - 43 = -196. Suppose -2*q - a = 5*r, -15 - 15 = 2*q - 2*r. What is the units digit of q/(-4)*640/30?
6
Let y be 5/(-20) + (-61691)/(-28). Let o = y - 1511. What is the units digit of o?
2
Let y(z) = z**3 - z**2 - z + 14. Let d be y(0). Suppose k = -4*k - 2*q + 18, d = 5*k + q. What is the units digit of ((-135)/k)/(-5) + 3/(-2)?
2
Suppose -43*l - 53 + 10 = 0. Let v(s) = -1516*s**3 - 3*s**2 - 4*s - 4. What is the hundreds digit of v(l)?
5
Let p = 50677 + -18233. What is the ten thousands digit of p?
3
Suppose 105*k = 67*k + 242516. What is the tens digit of k?
8
Let v = 388 + -52. Suppose 8*c = 3*c - 20, 4*k + v = -2*c. Let p = k - -125. What is the units digit of p?
3
Let d = -9900 - -28227. What is the ten thousands digit of d?
1
Let t = -179 + 181. Suppose 13*w = t*w + 5940. What is the hundreds digit of w?
5
Suppose -4*c - 2*d + 22 = 0, -4*c - 1 + 14 = 5*d. Let g(m) = -9*m + 17. Let w be g(c). Let x = -43 - w. What is the units digit of x?
3
Let a(b) = -4*b + 25. Let y be a(5). Suppose -4*l = -3 - y. Suppose -5*v + 10*v - 37 = -l*g, -119 = -4*g - v. What is the tens digit of g?
3
Let w(j) = -7*j**2 - 33*j - 55. Let o be w(-14). Let g = -658 - o. What is the units digit of g?
7
Suppose 4*a + u - 6139 = 0, -4*a - u + 4604 = -a. Suppose -27*j + a = 3*x - 25*j, -j - 1028 = -2*x. What is the units digit of x?
3
Let h(m) = -29*m**3 + 13*m**2 + 29*m + 94. What is the hundreds digit of h(-5)?
8
What is the tens digit of (-96)/(130/568 + (-8)/32)?
4
Suppose -483*c + 519*c = 162828. What is the tens digit of c?
2
Let a(s) = 848*s - 394. What is the thousands digit of a(2)?
1
Let y(h) = 27*h**2 + 28*h - 52. Let z be y(2). Suppose -106*n = -z*n + 5064. What is the units digit of n?
4
Let w be 1*(-4 - (0 - -765)). Let k = -258 - w. What is the units digit of k?
1
Suppose 2*z - 2*i - 134474 = 0, 894*z - 891*z = i + 201709. What is the units digit of z?
6
Let h(f) = -f**2 + 25*f + 90. Let v be h(28). Let i(u) = u**3 + 10*u**2 - 8*u + 6. What is the units digit of i(v)?
4
Let i be (8/(-6) - -2)/(1/3). Let w(g) = -19*g**3 - 2*g**2 + g + 1. Let s be w(i). What is the tens digit of (2 + -3 + 2)*-1*s?
5
Suppose 5*j = -5*u - 10, -j - 26 + 24 = 3*u. Let r(f) = -f + 313. What is the hundreds digit of r(u)?
3
Let v(y) = -18*y + 162. Let f be v(9). Suppose -5*q - w + 2834 - 69 = f, 5*q + 5*w = 2765. What is the tens digit of q?
5
Let i be 130/15 + (-1)/(-3). Suppose i*s - 2 = 8*s. Suppose 0*a + 24 = 2*h - s*a, -12 = 3*a. What is the units digit of h?
8
Suppose 2*u = h + 76669, 5*u = -3*h - 0*h + 191678. Suppose 37*x = -4*x + u. What is the units digit of x?
5
Let m(k) = -k**2 - 5*k - 1. Let t(q) = 10*q + 42. Let g(x) = -2*m(x) - 2*t(x). What is the tens digit of g(-21)?
1
Suppose 3*h + 5*r - 479 = 0, -2*h - 311 = -4*h + 5*r. Let q = h + -137. What is the tens digit of q?
2
Let h = 427 + -427. Suppose -4*c + 8 = -h, 5*a + 5*c = 9525. What is the units digit of a?
3
Let c = 307 + -517. What is the tens digit of 0 + (-4)/14 - 16230/c?
7
Let q(m) = m**2 - 16*m - 32. Let y be q(18). Suppose -x + y*x = 6. Suppose -3*b + 23 = -v - 112, -x*b + 95 = v. What is the units digit of b?
6
Let y(s) = s**3 + 6*s**2 + 6*s + 6. Let j be y(-4). Let c = j + -6. Suppose -135 = c*i - 519. What is the tens digit of i?
4
Let d = 30 - 27. Suppose 4*n = d*z - 40, -7*n + 31 = 3*z - 2*n. Suppose 4*h + 4*j - 2*j = 240, 0 = 3*j + z. What is the units digit of h?
2
Let g(k) = -278*k - 260. Let s be (-14)/4 - (-7 + (-95)/(-10)). What is the thousands digit of g(s)?
1
Let u = -470 - -802. Let f be 1*(u/1)/(-4). Let o = f + 129. What is the units digit of o?
6
Suppose -2*p + 485 = -m + 2*p, -p = -m - 476. What is the units digit of (-798)/(-33) - (-86)/m?
4
Suppose 10*z - 3969 = 3*z. What is the tens digit of 9/(z/(-9)) - 4160/(-14)?
9
Let r be -599*4/(-2 + -2)*1. Suppose 0 = -2*o - 1 + r. What is the units digit of o?
9
Let y = 11189 + 10445. What is the units digit of y?
4
Suppose 0 = y + 358 + 57. Let p = y - -633. What is the tens digit of p?
1
Let l be (-12)/(-42) - (1804/7)/(-1). Suppose -l = 3*w + 90. Let x = w + 234. What is the hundreds digit of x?
1
Let l(a) = -91*a**3 + a**2 - 220*a - 1361. What is the units digit of l(-6)?
1
Let t = 27551 + -8654. What is the ten thousands digit of t?
1
Let s = 245 + 1282. What is the units digit of s?
7
Let o = 372 - -191. Let f be 15/(-75) + (-6033)/(-15). Let r = o - f. What is the tens digit of r?
6
Let i(y) = 126*y + 5 - 42 - 73*y + 66*y. What is the hundreds digit of i(6)?
6
Let o be 4 + 1/(-1) - (13 - 13). Let f be 0 + 51 + 2 + -4 + o. Let k = 122 - f. What is the units digit of k?
0
Suppose 150*r - 81104 = 87646. What is the units digit of r?
5
Let c be (-12)/4*(-2924)/(-12). Let d = c + 1085. What is the tens digit of d?
5
Suppose -4*t + 12 = 0, 0 = -4*r + 2*t + 167 + 39. Let l = r - 86. Let w = 153 - l. What is the tens digit of w?
8
Suppose 4*w - 862*b - 43944 = -860*b, 2*w - 21972 = 5*b. What is the thousands digit of w?
0
Suppose 2*b - 9106 = -4*m, 1237*b - 1232*b = m + 22688. What is the tens digit of b?
3
Let g be 22*(-3)/3*-1. Suppose h - 4*h = -435. What is the tens digit of h + (20/110 - 26/g)?
4
Suppose 0*w + 17*w = -17. What is the tens digit of w*(-14 - -4)*5 + 1?
5
Suppose 0 = -27*z + 66*z + 46*z - 3196000. What is the tens digit of z?
0
Let n = -34527 - -78587. What is the hundreds digit of n?
0
Let y be 24 - -5*6/(-15). Suppose 3*a - y = -5*b - 0*a, -b - 3*a = -14. What is the units digit of 133 + (0 - 5) - (b - 0)?
6
Let a be (-9)/1*-4 - (20 - 26). Suppose c = a + 454. What is the tens digit of c?
9
Suppose -73*s - 40067 = -166550 - 61565. What is the units digit of s?
6
Let g = 3797 + -3653. Let i be ((-12)/14)/(-1)*14. Suppose -g = -i*q + 96. What is the units digit of q?
0
Suppose 2*s + 5*l = -11 + 6, 3*s - 6 = -3*l. Suppose -5*q + 0*q + 5*f + 2850 = 0, 0 = 5*q + s*f - 2850. What is the units digit of q?
0
Let t(o) = o**3 - 6*o**2 - 177*o - 4. What is the thousands digit of t(21)?
2
Let o(q) = -1 + 15*q**2 - 7*q**2 - 9*q**2 + 2 + 5*q. Let j be o(5). What is the tens digit of -2 - ((-536)/6 - j/(-3))?
8
Let k be (-10)/(1 - -4)*(-79)/2. Suppose -74*a - 1640 = -k*a. Suppose 6*p - 2*p - a = 0. What is the tens digit of p?
8
What is the units digit of 2/(-39)*-3 + 1632249/117 + -8?
3
Let w be (16/(-24))/(2/(-9)). Suppose -w + 7 = 2*a. Suppose -a*t + 105 = -5*v, -5*t + 221 = 4*v - 124. What is the units digit of t?
5
Let z = 10238 - -13890. What is the units digit of z?
8
Suppose -4*f = f. Suppose f = 2*o - 94 + 386. Let q = -54 - o. What is the units digit of q?
2
What is the thousands digit of 293032/24 + -5 + 20/6 + -1?
2
Suppose 64*c - 238 = 71*c. What is the hundreds digit of (-14998)/c + (-72)/612?
4
Suppose 3*u = -w - 0*w + 24, 0 = -4*w + 12. Suppose u*k = 12 + 30. Suppose -9*n = -k*n - 171. What is the units digit of n?
7
Let l(t) = 5*t**3 - 24*t**2 - 39*t + 21. Let a(j) = -14*j**3 + 70*j**2 + 117*j - 64. Let f(o) = 4*a(o) + 11*l(o). What is the tens digit of f(17)?
4
Suppose -q + 24495 = -r, -q + 6254 + 18245 = r. What is the ten thousands digit of q?
2
Let n(j) = 38*j**3 - 23*j**2 - 55*j + 39. Let q(z) = -13*z**3 + 8*z**2 + 19*z - 13. Let y(i) = 6*n(i) + 17*q(i). What is the units digit of y(4)?
1
Let q = 143970 - 102775. What is the tens digit of q?
9
Let x(t) = -390*t - 1674. 